{"id":257,"date":"2019-03-13T22:55:17","date_gmt":"2019-03-14T01:55:17","guid":{"rendered":"http:\/\/www.cemeai.icmc.usp.br\/EduSCar\/cdmf-copy-copy\/"},"modified":"2019-03-14T19:29:32","modified_gmt":"2019-03-14T22:29:32","slug":"icmc-2","status":"publish","type":"page","link":"https:\/\/www.cemeai.icmc.usp.br\/EduSCar\/icmc-2\/","title":{"rendered":"Olimp\u00edada de Rob\u00f3tica e Meninas nas Ci\u00eancias Exatas"},"content":{"rendered":"\n<figure class=\"wp-block-image alignfull\"><img loading=\"lazy\" width=\"1024\" height=\"576\" src=\"http:\/\/www.cemeai.icmc.usp.br\/EduSCar\/wp-content\/uploads\/2019\/03\/ICMC-1-1024x576.jpg\" alt=\"\" class=\"wp-image-425\" srcset=\"https:\/\/www.cemeai.icmc.usp.br\/EduSCar\/wp-content\/uploads\/2019\/03\/ICMC-1-1024x576.jpg 1024w, https:\/\/www.cemeai.icmc.usp.br\/EduSCar\/wp-content\/uploads\/2019\/03\/ICMC-1-300x169.jpg 300w, https:\/\/www.cemeai.icmc.usp.br\/EduSCar\/wp-content\/uploads\/2019\/03\/ICMC-1-768x432.jpg 768w, https:\/\/www.cemeai.icmc.usp.br\/EduSCar\/wp-content\/uploads\/2019\/03\/ICMC-1-700x394.jpg 700w, https:\/\/www.cemeai.icmc.usp.br\/EduSCar\/wp-content\/uploads\/2019\/03\/ICMC-1-520x293.jpg 520w, https:\/\/www.cemeai.icmc.usp.br\/EduSCar\/wp-content\/uploads\/2019\/03\/ICMC-1-360x203.jpg 360w, https:\/\/www.cemeai.icmc.usp.br\/EduSCar\/wp-content\/uploads\/2019\/03\/ICMC-1-250x141.jpg 250w, https:\/\/www.cemeai.icmc.usp.br\/EduSCar\/wp-content\/uploads\/2019\/03\/ICMC-1-100x56.jpg 100w, https:\/\/www.cemeai.icmc.usp.br\/EduSCar\/wp-content\/uploads\/2019\/03\/ICMC-1.jpg 1232w\" sizes=\"(max-width: 1024px) 100vw, 1024px\" \/><\/figure>\n\n\n\n<p><strong>Competi\u00e7\u00e3o global \u2013&nbsp;Uma das metas da escola de ver\u00e3o \u00e9 estimular que as equipes participem do&nbsp;<\/strong><em><strong>Technovation Challenge<\/strong><\/em><strong>, uma competi\u00e7\u00e3o global, voltada a estudantes do ensino fundamental e m\u00e9dio, em que as equipes participantes devem desenvolver um aplicativo que solucione um problema social. Por isso, nos encontros realizados no ICMC, as meninas formar\u00e3o grupos e receber\u00e3o orienta\u00e7\u00f5es para participar desse desafio.&nbsp;Quem decidir ingressar na competi\u00e7\u00e3o global e conquistar um lugar entre as equipes finalistas poder\u00e1 viajar para o Vale do Sil\u00edcio, nos Estados Unidos, onde apresentar\u00e1 os aplicativos e planos de neg\u00f3cios para investidores. J\u00e1 a equipe que vencer o&nbsp;<\/strong><em><strong>Technovation Challenge<\/strong><\/em><strong>&nbsp;receber\u00e1 um pr\u00eamio de 10 mil d\u00f3lares e suporte para finalizar e lan\u00e7ar o aplicativo no mercado. Em 2018, mais de 19 mil garotas em todo o mundo se inscreveram no desafio global.&nbsp;&nbsp;<\/strong><\/p>\n\n\n\n<figure class=\"wp-block-image alignfull\"><img loading=\"lazy\" width=\"639\" height=\"360\" src=\"http:\/\/www.cemeai.icmc.usp.br\/EduSCar\/wp-content\/uploads\/2019\/03\/ICMC2.jpg\" alt=\"\" class=\"wp-image-426\" srcset=\"https:\/\/www.cemeai.icmc.usp.br\/EduSCar\/wp-content\/uploads\/2019\/03\/ICMC2.jpg 639w, https:\/\/www.cemeai.icmc.usp.br\/EduSCar\/wp-content\/uploads\/2019\/03\/ICMC2-300x169.jpg 300w, https:\/\/www.cemeai.icmc.usp.br\/EduSCar\/wp-content\/uploads\/2019\/03\/ICMC2-520x293.jpg 520w, https:\/\/www.cemeai.icmc.usp.br\/EduSCar\/wp-content\/uploads\/2019\/03\/ICMC2-360x203.jpg 360w, https:\/\/www.cemeai.icmc.usp.br\/EduSCar\/wp-content\/uploads\/2019\/03\/ICMC2-250x141.jpg 250w, https:\/\/www.cemeai.icmc.usp.br\/EduSCar\/wp-content\/uploads\/2019\/03\/ICMC2-100x56.jpg 100w\" sizes=\"(max-width: 639px) 100vw, 639px\" \/><\/figure>\n\n\n\n<p><strong>Acesse a p\u00e1gina no link abaixo:<\/strong><\/p>\n\n\n\n<p class=\"has-text-color has-background has-very-dark-gray-color has-very-light-gray-background-color\"><a href=\"https:\/\/www.icmc.usp.br\/noticias\/4091-computacao-tambem-e-coisa-de-menina-aprenda-a-fazer-aplicativos-na-usp\">https:\/\/www.icmc.usp.br\/noticias\/4091-computacao-tambem-e-coisa-de-menina-aprenda-a-fazer-aplicativos-na-usp<\/a><\/p>\n\n\n\n<figure class=\"wp-block-image alignfull\"><img loading=\"lazy\" width=\"450\" height=\"298\" src=\"http:\/\/www.cemeai.icmc.usp.br\/EduSCar\/wp-content\/uploads\/2019\/03\/ICMC2-1.jpg\" alt=\"\" class=\"wp-image-427\" srcset=\"https:\/\/www.cemeai.icmc.usp.br\/EduSCar\/wp-content\/uploads\/2019\/03\/ICMC2-1.jpg 450w, https:\/\/www.cemeai.icmc.usp.br\/EduSCar\/wp-content\/uploads\/2019\/03\/ICMC2-1-300x199.jpg 300w, https:\/\/www.cemeai.icmc.usp.br\/EduSCar\/wp-content\/uploads\/2019\/03\/ICMC2-1-360x238.jpg 360w, https:\/\/www.cemeai.icmc.usp.br\/EduSCar\/wp-content\/uploads\/2019\/03\/ICMC2-1-250x166.jpg 250w, https:\/\/www.cemeai.icmc.usp.br\/EduSCar\/wp-content\/uploads\/2019\/03\/ICMC2-1-100x66.jpg 100w\" sizes=\"(max-width: 450px) 100vw, 450px\" \/><\/figure>\n","protected":false},"excerpt":{"rendered":"<p>Competi\u00e7\u00e3o global \u2013&nbsp;Uma das metas da escola de ver\u00e3o \u00e9 estimular que as equipes participem do&nbsp;Technovation Challenge, uma competi\u00e7\u00e3o global, voltada a estudantes do ensino fundamental e m\u00e9dio, em que as equipes participantes devem desenvolver um aplicativo que solucione um [&hellip;]<\/p>\n","protected":false},"author":1,"featured_media":423,"parent":0,"menu_order":0,"comment_status":"closed","ping_status":"closed","template":"page-templates\/page_fullwidth.php","meta":[],"_links":{"self":[{"href":"https:\/\/www.cemeai.icmc.usp.br\/EduSCar\/wp-json\/wp\/v2\/pages\/257"}],"collection":[{"href":"https:\/\/www.cemeai.icmc.usp.br\/EduSCar\/wp-json\/wp\/v2\/pages"}],"about":[{"href":"https:\/\/www.cemeai.icmc.usp.br\/EduSCar\/wp-json\/wp\/v2\/types\/page"}],"author":[{"embeddable":true,"href":"https:\/\/www.cemeai.icmc.usp.br\/EduSCar\/wp-json\/wp\/v2\/users\/1"}],"replies":[{"embeddable":true,"href":"https:\/\/www.cemeai.icmc.usp.br\/EduSCar\/wp-json\/wp\/v2\/comments?post=257"}],"version-history":[{"count":3,"href":"https:\/\/www.cemeai.icmc.usp.br\/EduSCar\/wp-json\/wp\/v2\/pages\/257\/revisions"}],"predecessor-version":[{"id":428,"href":"https:\/\/www.cemeai.icmc.usp.br\/EduSCar\/wp-json\/wp\/v2\/pages\/257\/revisions\/428"}],"wp:featuredmedia":[{"embeddable":true,"href":"https:\/\/www.cemeai.icmc.usp.br\/EduSCar\/wp-json\/wp\/v2\/media\/423"}],"wp:attachment":[{"href":"https:\/\/www.cemeai.icmc.usp.br\/EduSCar\/wp-json\/wp\/v2\/media?parent=257"}],"curies":[{"name":"wp","href":"https:\/\/api.w.org\/{rel}","templated":true}]}}